hundreds digit of (-4 + o)/((-5)/305)?
1
Suppose 7*t = -86 + 100. Suppose -8*b + 4834 = -3*b + t*z, 3*b - 4*z = 2916. What is the units digit of b?
8
Suppose -5*m = -r + 18461, 38*r + 2*m = 36*r + 36958. What is the thousands digit of r?
8
Let s be 1/((-8)/104*4/(-8)). Let x(d) = d**3 - 25*d**2 + 37*d + 24. What is the units digit of x(s)?
2
Suppose 4*l + 3*m + 70 = -494, -l - 141 = 3*m. Let g = 75 + l. Let o = 9 - g. What is the units digit of o?
5
Let z(g) = g**3 - 86*g**2 - 330*g + 74. What is the tens digit of z(90)?
7
Let i(g) = -4255*g + 635. What is the hundreds digit of i(-4)?
6
Let v be ((16/(-10))/2)/(19/(-3515)). Let x = v - 21. What is the hundreds digit of x - -1 - -2 - 28/7?
1
Suppose 19017 = 4*s - 5*d, 3917 - 18179 = -3*s + 3*d. What is the hundreds digit of s?
7
Let n(g) = -532*g - 1600. Let z be n(-3). Suppose -v = 2*v - 2*a - 40, 3*v = 4*a + 50. What is the units digit of z/v - 2853/(-45)?
3
Let v = 154 + -159. What is the units digit of 333 + (1 + -1 - v)?
8
Let j(n) = n**3 - n**2 - 3*n - 938. Let f be j(0). Let s = -797 - f. What is the hundreds digit of s?
1
Let n(s) = -164*s - 2. Suppose -3*i - 2*i + 45 = 2*w, 5*i + 5*w = 30. Suppose 4*m = z - 0*m - i, 5*m = -15. What is the units digit of n(z)?
2
Let g(r) = r**3 + 10*r**2 - 11*r + 2. Let x be g(-11). Suppose 52 - 10 = x*t. Suppose -195 = -t*z + 18*z. What is the units digit of z?
5
Let c(q) = 10644*q - 316. What is the hundreds digit of c(3)?
6
Suppose -v + 2*p + 16779 = 0, -2*v - 23461 = -5*p - 57014. What is the tens digit of v?
8
Let w(q) = -2*q + 8. Let f be w(-3). Let j be 115 + 24/7 + (-6)/f. Let b = j + -59. What is the tens digit of b?
5
Suppose 12*p - 15*p = -117. What is the tens digit of (p + 2)*(-4)/(-16)*8?
8
Suppose -15*b = -b - 1358. Suppose -4*z = 4*a - 96, -b = -3*a - 0*a + 2*z. What is the tens digit of a?
2
Let p(i) = 499*i + 8239. What is the hundreds digit of p(20)?
2
Let z = -51086 - -110343. What is the units digit of z?
7
Let h be -5 - -6*12/9. Suppose -3*p + 3*u = 3, -p - 6 = -h*u - 5. What is the tens digit of (318/(-1 + -1))/p?
5
Let w = 3505 - -3535. What is the units digit of w?
0
Let a(l) = l**3 - 6*l**2 + 5*l + 10. Let v be a(5). Let k(t) = -14*t + 21. Let d be k(v). Let h = 234 + d. What is the units digit of h?
5
Suppose -y = 3*b - 14238, -189 = -4*b - 209. What is the units digit of y?
3
Suppose 15*c + 3*c + 36 = 0. What is the units digit of (c + 0)/((-14)/1323)?
9
Let m(n) = n**3 - 21*n**2 - 24*n - 32. What is the tens digit of m(29)?
0
Let f be (15/((-450)/40))/((-1)/(-417)). Let v = 242 - f. What is the units digit of v?
8
Let x(i) = -3*i**2 - 9*i + 4. Let k be x(-3). Let l be (k/(20/15))/((-2)/(-2)). Suppose 612 - 108 = l*h. What is the units digit of h?
8
Suppose -9*o = 19*o - 25060. What is the tens digit of o?
9
Let x = 158 + -149. Suppose 2*a - o - x = 0, -a - 9 = -0*o + 4*o. What is the tens digit of 348/a + -1 - 0?
1
Let d(a) = -4*a**3 - a**2 + 3*a + 2. Let x be d(-1). Suppose -4*h = x*l + 460, 5*l + 710 = 2*l + 4*h. Let t = -144 - l. What is the units digit of t?
0
Suppose 4*v - 2*z - 30 = 0, -5*z - 44 = -4*v + 1. Suppose -4*x = v*i - 238, -4*x + 0*x - 162 = -3*i. Suppose -3*k - i = -359. What is the units digit of k?
3
Let w(v) = -141*v + 79. What is the hundreds digit of w(-37)?
2
Suppose p - 9 = -2*j - 0*j, p + 33 = 4*j. Suppose -5*k - 3*s = -j*s - 9124, -3*s + 1840 = k. What is the tens digit of (-80)/(-25) + -3 + k/10?
8
What is the hundreds digit of ((-144)/(-4))/6 + 10/10 + 7877?
8
Let z be (0 + 6)*(6 - 52/8). Let r be (7 - 58)/(z/5). What is the units digit of -2*r/3*(-90)/75?
8
Suppose -w + 3 = 0, 3*w = -14*m + 16*m - 13. Let h(p) = 4*p - 29. Let y(o) = -5*o + 30. Let c(u) = -6*h(u) - 7*y(u). What is the units digit of c(m)?
5
Let k be -23 + (11 - (9 - 6)). Let d(t) = t**2 - 24*t - 13. What is the hundreds digit of d(k)?
5
Let w = 3585 - 2235. Let d = -631 + w. What is the units digit of d?
9
What is the ten thousands digit of (-11)/88*4*-3*29476?
4
Let r(y) = 3*y - 3. Let g(t) = 3*t - 4. Let q(x) = 5*g(x) - 4*r(x). Let b be q(3). Suppose -3*i + b + 122 = 0. What is the units digit of i?
1
Suppose -4*r - r = -0*r. Let b(l) = -22*l**2 + 2*l + 8 + r*l + 24*l**2 + l. What is the tens digit of b(5)?
7
Let u be (-2)/2 - ((-2400)/(-4))/(-5). Let d = 2 + u. What is the hundreds digit of d?
1
Suppose -3*s + 6 - 18 = 0. Let l be 6 + s + (-3 - -4) + -3. Suppose 2*m + 3*n + l*n = 296, -296 = -2*m + 3*n. What is the hundreds digit of m?
1
Let i(r) = -r**3 - 3*r**2 + 4*r + 4. Let b be i(-4). Let d(x) = -3*x - 3. Let h be d(b). Let w(j) = j**3 + 14*j**2 - 22*j - 20. What is the tens digit of w(h)?
8
Let a(f) = -f**3 - 5*f**2 + 8*f + 17. Let c be a(-9). Suppose 3*r - 2*r = c. What is the units digit of r?
9
Let a be (3/9)/(-1 + 40/36). Suppose 9*z - a*x - 13 = 4*z, z = 3*x + 5. Suppose -z*m + 167 = -r + 2*r, 3*m = 5*r - 796. What is the units digit of r?
1
Let i = 38 + -23. Let w = i + -15. What is the tens digit of (3 + -1)*(87 + w - -3)?
8
Let v = 11755 + 4386. What is the tens digit of v?
4
Let i(n) = 5*n**3 - 6*n**2 + 20*n + 12. Let u(t) = t**3 + t**2 + t + 1. Let q(y) = i(y) - 6*u(y). What is the units digit of q(-15)?
1
Let t = 23 + -29. Let h = -3 - t. Suppose c - 2*j = 50, h*c - 29 = -5*j + 66. What is the tens digit of c?
4
Let n(u) = 5*u + 38. Let s be 100/(-16) + (-6)/8. Let a be n(s). Suppose 3*b + a*c + 2*c - 520 = 0, -c = -2. What is the tens digit of b?
7
Let f = -4136 + 26968. What is the units digit of f?
2
Suppose -5*k - 277 = -1357. Suppose -151*o = -145*o + k. Let f = 254 - o. What is the units digit of f?
0
Let f(v) = v**3 + 32*v**2 - 143*v + 41. Let p be f(-36). Suppose 38*s = -p*q + 34*s + 3089, q = -5*s + 622. What is the tens digit of q?
1
Let d = -80 - -110. Suppose 36*m - 540 = d*m. Suppose 2*p = 4*y + m - 792, -159 = -y - 5*p. What is the tens digit of y?
7
Let r(p) = 0*p + p**2 + 19 + p + 5*p**2 + p**3 + 12. What is the tens digit of r(-5)?
5
Let g(l) = l. Let p(n) = -17*n**2 - 10. Let w(c) = 3*g(c) - p(c). Let y be w(-6). Suppose 890 + y = 9*r. What is the tens digit of r?
6
Suppose -u - 2*w - 2*w = -3156, 3*w - 9468 = -3*u. What is the hundreds digit of u?
1
What is the ten thousands digit of (-11702370)/(-1160) + (-9)/4?
1
Suppose -4*n = -5*t + 5620 + 997, -6615 = -5*t + 5*n. Let l be (t/(-20))/(-5)*4. Suppose -2*a + 4*a - 34 = 2*x, -5*a + l = 3*x. What is the units digit of a?
3
Let c(v) = -86*v + 43. Suppose -4*p - 1 = -h, 0*h + 41 = -5*h - 3*p. What is the units digit of c(h)?
5
What is the units digit of (-9 - -1) + 16370/(-35)*-7?
6
Suppose 2*m - 4*m = -u - 4, 2*u - 3*m + 4 = 0. Suppose -u*n - 3*n = -2100. Suppose 8*s - 100 = n. What is the tens digit of s?
5
Let m(k) = -k**2 + 7*k - 9. Let j be m(4). Suppose -6 = -2*r - 0, -r = -j*c + 201. Suppose 162 = -c*l + 69*l. What is the units digit of l?
2
Suppose -5*q - 14133 = -2*p, -4*q = 1 + 19. What is the hundreds digit of p?
0
Let o be 1*(-1 - -4) + 2. Suppose -o*r + 11 = 246. Let b = -9 - r. What is the units digit of b?
8
Suppose 52446 = 3*t + 3*a, -1951 = -5*a - 1946. What is the units digit of t?
1
Let r = -1062 + 636. Let q = -289 - r. What is the hundreds digit of q?
1
What is the thousands digit of ((-9783)/(-108))/((-1)/(-32)*2)*3?
4
Let w = -189 - -193. Suppose 1165 = 3*o + w*j, 22*o - 18*o = 5*j + 1512. What is the units digit of o?
3
Suppose 3*b = -9, -2 = 2*i + 2*b - 6. What is the hundreds digit of 1/i*55710/18?
6
Let u(z) = 3662*z**2 + 54*z + 13. What is the ten thousands digit of u(-2)?
1
Let p = 1579 + -881. Let i = p + -371. Suppose 3 - i = -6*v. What is the tens digit of v?
5
Let p(s) = -4*s + 7. Suppose 2 = 2*r, 3*r - 7 = -5*l + 1. Let v be p(l). Suppose -v*m = -3*q + 681, -4*m = 5*q - 429 - 724. What is the tens digit of q?
2
Suppose -15 = -4*f + 13. Suppose 4*n - n + p - f = 0, -n = p + 1. What is the tens digit of 802/6 + n/12?
3
Let z(j) = -j**3 - 7*j**2 - 11*j - 16. Let o be -1*(7/(-3) + (-22)/33). Suppose -5*f - 33 = -f + o*h, -4*f = 4*h + 36. What is the units digit of z(f)?
4
Let f be (-6)/(-15) + 14690/25. Let b = 895 - f. Let m = -178 + b. What is the tens digit of m?
2
Let f(d) = -12*d - 18. Let a be f(9). Let v = 72 + a. Let x = 159 + v. What is the tens digit of x?
0
Let w = 65198 + -20314. What is the units d